 -g = 0, 2 = -z - 0*z - 3*g. Let n be z/(-7) + 32/(-14). Let h(q) = -q**3 - 4*q + 0*q**3 - 1 + 6*q. What is h(n)?
3
Let b be ((-2)/6)/((-2)/18). Let h(j) = -4 - j**2 + b + 0*j**3 - j**3 + 2*j**2. Determine h(0).
-1
Let s(l) = -2*l - 15. Let r(o) = -o - 8. Let i(g) = 11*r(g) - 6*s(g). Determine i(-4).
-2
Let f(m) be the third derivative of -m**5/30 - m**4/12 - m**3/3 + 4*m**2. Determine f(-2).
-6
Suppose 14 - 10 = t. Let f(l) = l + 4. What is f(t)?
8
Let b(p) be the first derivative of -p**6/120 - p**5/12 - 5*p**4/24 - p**3/3 - p**2 + 3. Let i(y) be the second derivative of b(y). What is i(-4)?
2
Let p(w) = -2*w**2 + 5*w - 3. Let b(z) = z**3 - z**2. Let i(k) = -6*k**3 - k**2 - 7*k - 7. Let a(v) = 5*b(v) + i(v). Let t be a(-5). Determine p(t).
-6
Let u(w) be the second derivative of -w**6/360 + w**5/20 + w**3/6 + 2*w. Let r(b) be the second derivative of u(b). Determine r(5).
5
Let k(i) be the first derivative of -21*i**2/2 + i - 27. Determine k(1).
-20
Let d(l) = 0 + 6 - 4*l + 4*l**2 - 1. Let u(k) = -7*k**2 + 7*k - 10. Let w(z) = 5*d(z) + 3*u(z). Let f(g) = -g**2 + 5*g. Let q be f(5). Determine w(q).
-5
Let r be -2 + 1*-2*-2. Suppose -3*h + r + 1 = 3*z, -5*z - 2*h = -8. Let u(w) = -3 - z*w + 3*w - 1. Give u(2).
-2
Let i(n) = -6*n - 1. Suppose 21*r + 27 = 30*r. Calculate i(r).
-19
Let j = 0 - 0. Suppose j = 5*u - 3*u - 8. Suppose -o = 0, -4*o - 2 + u = 2*b. Let y(m) = -4*m**3 + m - 1. What is y(b)?
-4
Suppose 6 = b - 0. Let i be -7 + b + -3 + -2. Let d(y) = 5 + 2 - 4 + 2*y. Give d(i).
-9
Let n(l) = 3*l**3 - l**2 - 8*l - 4. Let v(q) = -q**3 + 2*q + 1. Let h(g) = n(g) + 4*v(g). Calculate h(1).
-2
Suppose 4*s = s. Let z(u) = -2*u + s*u + u + 2*u. Give z(-1).
-1
Let o(s) = -s**2 - 10*s - 5. Let j(x) = 5*x**2 + 51*x + 25. Let c(v) = -2*j(v) - 11*o(v). Let y be c(-6). Let f(p) = -p - 2. What is f(y)?
5
Suppose -5 - 5 = 2*c, 2*k - 5*c = 15. Let z(r) be the first derivative of -r**3/3 - 2*r**2 - 3*r + 8. Calculate z(k).
-8
Let v = -3 - -2. Let a be (v/3)/(2/(-18)). Suppose a*i = -x - 2*x, 20 = -2*x + 3*i. Let z(w) = w**2 + 4*w + 2. Determine z(x).
2
Let v(h) be the third derivative of -1/4*h**4 + 0 + 0*h + 3*h**2 + 1/6*h**3. Determine v(1).
-5
Suppose 3*n - 5*i = -24, -2*i = -3*n - i - 12. Let a(q) = -q**2. Give a(n).
-9
Let z(g) = -g**2 - g. Let r(l) = l**2 + 9*l + 5. Let k(o) = r(o) + 2*z(o). Determine k(7).
5
Let s be 0 + 9 - (-4 + 6). Let z(f) = -4 + s*f - 9*f - 2 + 4. Give z(-3).
4
Let g(z) = -2*z**2 + z + 1. Let l(q) = q**3 + 5*q**2 + 3. Let p be l(-5). Suppose -1 - p = -4*d. Let h = d - -1. Give g(h).
-5
Let q(l) = 2 + 0*l - 4*l**2 + l**3 - 2*l + 1. Suppose -2*m - 3*w + 1 = 0, -4*m - 1 = 5*w - 4. Determine q(m).
-9
Let a(v) = 5 + 94*v - 4 + 93*v - 32*v**3 - 188*v. What is a(1)?
-32
Let c(y) = -y**3 - y**2 - y - 3. Let s(t) = t**2 + 9*t + 10. Let w be s(-8). Let p be 40/22 - w/(-11). Suppose 0 = 2*u + p*o - 5 + 3, -o = -1. Calculate c(u).
-3
Let g(m) = -m**2 - 5*m - 5. Suppose 4*s = -0*s - 2*r + 76, -3*s = r - 58. Let q be ((-14)/5)/((-4)/s). Suppose -4*y - 2 = q. What is g(y)?
-1
Let c(f) = -f**2 - 7*f - 3. Let p be 5/(-3)*6/(-2). Let r(d) = -4*d - p + 4*d - d. Let g be r(0). What is c(g)?
7
Let z(b) be the third derivative of 0*b - 1/24*b**4 + 1/60*b**5 - 2/3*b**3 + 0 + 3*b**2. Calculate z(-3).
8
Let r(y) = y**3 - 4*y**2 - 2*y + 6. Suppose -5*a + 6 + 4 = 0. Suppose 2*m - 6 - a = 0. Calculate r(m).
-2
Let w = 0 + 2. Let s(v) = 0*v - 2 + 0*v - 2*v + w*v**2 + 3. Let y(o) = -o**2 + 4*o + 1. Let j be y(4). Determine s(j).
1
Let r(f) = -2*f**3 - 3*f**2 - 21*f + 13. Let z(n) = -n**3 - n**2 - 11*n + 7. Let m(p) = -6*r(p) + 11*z(p). What is m(-6)?
5
Suppose 2*x + 5 = -g, 5*x + 25 = -0*x. Let c(v) = -v + 12. Let j be c(9). Let k(r) = -2*r - 6 + j*r + 0*r. Calculate k(g).
-1
Let t(f) = -f**2 - 5*f - 2. Suppose 11 = -5*j - 14, -2*j + 20 = -5*u. Let a = -9 - u. What is t(a)?
4
Suppose 2 + 5 = -7*u. Let z(w) = 8*w + 1. Determine z(u).
-7
Let a(i) be the third derivative of -i**4/24 - i**3 + 3*i**2. What is a(0)?
-6
Let v be 8 + -2 + 1 + -2. Suppose 26 + 10 = v*l - 2*a, -3*a = 3*l - 9. Let n(g) = g**2 - 5*g + 1. Determine n(l).
7
Let w = 8 + -5. Let o(u) = 2 + 2*u - 2 + w. Let x be ((-12)/(-4))/((-15)/10). Calculate o(x).
-1
Suppose 0 = -d - 5 - 1. Let z(g) be the third derivative of -g**6/120 - 7*g**5/60 - 7*g**4/24 - 4*g**3/3 - 6*g**2. What is z(d)?
-2
Let y(p) be the third derivative of -p**4/24 + p**3/6 + 10*p**2. Give y(5).
-4
Let u(f) = f. Let q be u(2). Suppose 8*z + r = 5*z, r = q*z. Let a(g) = -g - 3. Let p(v) = -1. Let w(c) = a(c) - 4*p(c). Give w(z).
1
Let p(x) = 6*x - 6*x - 10*x**2. Give p(1).
-10
Let q(g) = 2*g + 3. Let p = -46 + 39. What is q(p)?
-11
Let y(z) = 5*z - 3*z**2 - 4 - z**3 + 1 + 5. Determine y(-4).
-2
Suppose -10 = -3*w + 2. Let h(a) = 0 + 3*a + 3 - w*a. Suppose t - 6 = -1. Calculate h(t).
-2
Suppose 2*z + z - 24 = 0. Suppose -4*l + z = -0*l. Suppose 0*b - l*b - 4 = 0. Let d(r) = -2*r**3 - 3*r**2. Calculate d(b).
4
Let d(h) = -h - 4. Let q(x) = -4*x - 16. Let u = -12 + 3. Let w(p) = u*d(p) + 2*q(p). Let z = 2 + -2. Give w(z).
4
Let b(d) = 3*d + 8. Let z(x) = 2*x + 8. Let c(t) = 3*b(t) - 4*z(t). Let w be c(7). Let s(a) be the third derivative of a**4/8 + a**3/6 - a**2. Calculate s(w).
-2
Let x = 33 + -33. Let j(f) be the third derivative of 0*f - 1/2*f**3 + 2*f**2 + x + 1/60*f**5 - 1/8*f**4. Calculate j(5).
7
Let v(o) = 6*o**2 - 7*o**2 - 2*o - 1 + 2*o. What is v(2)?
-5
Suppose 3 = -3*v, -k = -v + 1 + 1. Suppose 0 = -5*z + 10. Let m(u) = -u**z + 3*u - u + 6 - 3 + 2*u**2. Give m(k).
6
Let q(o) = o**2 - o + 1. Let m(d) = 5*d - 4. Let j(b) = m(b) + 3*q(b). Calculate j(-2).
7
Let j(f) be the first derivative of f**3 + 9*f**2 + 20*f - 2. Let i(k) = -2*k**2 - 12*k - 13. Let n(z) = 8*i(z) + 5*j(z). Give n(-5).
1
Let c(z) be the first derivative of -z**2/2 + z + 39. Give c(-1).
2
Let g(v) be the third derivative of -v**4/6 - v**3/6 + 26*v**2. Give g(-2).
7
Let h(l) = 7 - 9*l**3 - 1 + 10*l**3. Let z(c) = -c + 3. Let m be z(3). What is h(m)?
6
Let o(l) = -l**3 - 8*l**2 + 8*l - 9. Suppose 13*v + 9 = 12*v. What is o(v)?
0
Let c(g) = -g**3 - g - 12. Suppose 7*j - 10 = -3*k + 2*j, 3*j - 6 = -5*k. Give c(k).
-12
Suppose 0*g - 3 = g, 5*p - 2*g = 6. Let o(u) = -u - 13. Determine o(p).
-13
Let o(d) = d**2 + d. Let s(h) = -3*h**2 - 9*h + 4. Let i(n) = -4*o(n) - s(n). Give i(3).
2
Let g(x) be the second derivative of -x**3/3 - x**2 - x. Suppose -3*m - 4*h = 26, m - 3 = 5*m - h. Determine g(m).
2
Let s be (-2)/(1/5*2). Let k(r) be the third derivative of 0 + 1/8*r**4 - 2*r**2 + 0*r + 7/6*r**3. Give k(s).
-8
Suppose -2*z = -z - 5. Suppose -3*a + 11 = -5*h, 0 = -z*h - 5*a - 0*a - 35. Let t(o) = -o**2 - 3*o - 2. Calculate t(h).
-6
Let b = 5 - 11. Let d(y) = -y**3 - 5*y**2 + 2*y - 8. Calculate d(b).
16
Suppose 9 = -3*f - 9. Let b(m) = m**3 + 5*m**2 - 7*m - 3. Give b(f).
3
Let k(c) = -c. Let q = 15 - 9. Suppose 2*t - q = -t. Suppose 6*n - t*n = -4. Determine k(n).
1
Suppose -20 = -3*i - 11. Let x(b) = 0*b - b + 0 - 2. Give x(i).
-5
Let i be 30/4*24/(-30). Let s(x) = -x**3 - 5*x**2 + 4*x - 5. What is s(i)?
7
Let r = 41 - 43. Let d(v) = -2*v. Determine d(r).
4
Let v = 10 + -20. Let p be (-2)/v + 55/(-25). Let k(b) = -b**3 - 4*b**2 - 3*b - 1. Give k(p).
-3
Let u(o) = -5*o + 3. Let j be 3 - ((-6)/(-3) + -2). Let w(h) = j*h + 3 + 14 - 28*h - 1. Let r(f) = -11*u(f) + 2*w(f). Determine r(1).
4
Suppose 6 = 22*k - 24*k. Let d = -1 + 0. Let a = d - k. Let r(j) = -j + 4. Give r(a).
2
Let t(f) = 0*f - 4*f + 3*f - 3. Suppose 0 = -0*u - 4*u. Give t(u).
-3
Let v = 2 + -1. Let f = 1 - v. Let o(d) be the first derivative of d**4/4 + d**2/2 - 5*d - 9. Determine o(f).
-5
Let m(r) = -2*r + 7. Let k be 420/80 + 6/8. What is m(k)?
-5
Let x(j) = j**2 + j + 2. Suppose -n - 2 - 1 = -5*a, -a = -4*n + 7. Let m be 6/4 - a/(-2). Suppose -q = m*q + 6. Give x(q).
4
Let x = 20 + -20. Let o(s) = s - 4. Determine o(x).
-4
Suppose 0 = 5*r + 2*t + 20, -r - 4*r = -3*t - 5. Let y be r - (2/1 - -2). Let l(i) = i + 7. What is l(y)?
1
Let i(m) = -m**2 - 5*m + 10. Let s = -156 - -150. Calculate i(s).
4
Suppose 2*v = -5*q + 5*v, 0 = q - v + 2. Let b(u) = -2*u**3 - u + q*u + 2*u**2 - 2 + u - 1. Calculate b(2).
-5
Let p(c) be the first derivative of c**3/3 + 4*c**2 + 7*c + 7. Let z(y) = -y**2 + 2*y - 